4*m + 9 = 0, -16 = 2*r - 6*r + 4*m. Calculate the highest common divisor of z and r.
1
Let x be ((-22)/(-4))/((-1)/4)*308/(-8). What is the highest common divisor of 1925 and x?
77
Let m = 10 + 9. Suppose -10*k - 320 = 1570. Let w = -132 - k. Calculate the greatest common factor of w and m.
19
Let z be (872/(-16)*-2)/1. Suppose 4*q = 5*k - 305, 0*q - 2*k - 148 = 2*q. Let r = z + q. Calculate the greatest common divisor of r and 34.
34
Let j = 2667 + -2661. Calculate the highest common divisor of j and 174.
6
Let v(j) = -44*j - 54*j**2 + 38 - 49*j**2 - 59*j + 99*j**2. Let c be v(-26). Calculate the greatest common factor of c and 60.
12
Let d(j) = -72*j - 76. Let l be d(-3). Let a(c) = -9*c + 2. Suppose 2*x + 0 = -4. Let m be a(x). Calculate the highest common divisor of l and m.
20
Let r(u) = u**3 + 4*u**2 - u + 28. Let l be r(0). Suppose -2*o + 1372 = 532. What is the highest common factor of o and l?
28
Suppose 2*r + 0*r = 42. Let s(d) = d**3 - 2*d**2 - 3*d + 7. Suppose -8*j + 22 = -34. Let p be s(j). What is the greatest common factor of p and r?
21
Let r be (-6)/15 - (-216)/15. Suppose -13*k + r*k = -10. Let i be (-134)/(-8) - k/40. What is the greatest common factor of i and 153?
17
Suppose 0 = -27*s + 31*s. Suppose -2*h + s*h + 146 = -4*q, -3*h + 3*q = -204. Suppose -2*y + h = y. What is the highest common factor of 84 and y?
21
Let m = 994 - 989. Suppose s - 462 - 186 = m*o, -o - 2554 = -4*s. Calculate the greatest common divisor of 22 and s.
22
Let z be -3160*(8 + -17)/18. Calculate the highest common divisor of z and 20.
20
Let u be 1638/(-7371)*(-76346 - 1). What is the highest common factor of 34 and u?
34
Let o(c) = 1039*c - 4868. Let u be o(7). What is the greatest common factor of 65 and u?
65
Suppose 0 = z - 2*z + 4. Suppose 5*k - 332 = -z*v, -8 = -0*k - 2*k. Let w = -64 + v. Calculate the highest common factor of 35 and w.
7
Let j = 3550 + -3420. Calculate the greatest common divisor of 310 and j.
10
Let t(l) = -11*l + 14. Let a(u) = -2*u - 3. Let y be a(-4). Suppose -j + y = -2*j. Let m be t(j). Calculate the greatest common divisor of 23 and m.
23
Suppose 2*p - 7*p - 1 = -4*h, h + 4*p - 16 = 0. Let g(d) = -d + 0 + 4 + h. Let k be g(0). Calculate the greatest common divisor of 20 and k.
4
Let o be (-33)/((50 - 14)/(-12)). What is the highest common factor of 29821 and o?
11
Let c be -3 - (-5)/((-10)/8). Let b = c - -18. Let l(i) = i**3 - 2*i**2 - 6*i + 3. Let p be l(4). What is the highest common factor of b and p?
11
Suppose -32*k - 60 = -52*k. Suppose 10 = -k*i + 76. What is the greatest common factor of i and 11?
11
Suppose 0 = -1444*m + 1439*m + 105. Let g(q) = 31*q + 14. Let b be g(7). What is the highest common divisor of m and b?
21
Suppose -6*i = -64 + 52. Let k be i/(-1*7/(-56)). Calculate the highest common factor of 6 and k.
2
Suppose 7*g - 288 = -11*g. Suppose 21 = x - 4*r, 0 = -x - 0*x - r + g. What is the highest common divisor of x and 289?
17
Let x = 9 + -9. Suppose x*n + 4 = -4*n. Let y be n + 8 + 4 - 2/1. What is the greatest common factor of y and 99?
9
Let w = 546 - 377. Suppose -7*x + 77*x - 409 - 501 = 0. Calculate the highest common divisor of x and w.
13
Let q be 3342/8 + 3/12. Suppose 886 = s + 810. Calculate the greatest common divisor of s and q.
38
Let l be ((-105)/5)/(8/(-8)) + -10. Suppose 2*p = 4*z + 27 + 11, 4*z = 5*p - 71. Calculate the highest common divisor of p and l.
11
Suppose 45*a = 155*a - 2860. Calculate the highest common factor of 2626 and a.
26
Suppose 93*b - 1186 = -535. What is the highest common divisor of 20153 and b?
7
Suppose 3*m = -i + 36, -m - 3*m = 16. Suppose -i = -14*n + 22*n. Let u be (-97)/n + (-3)/18. Calculate the greatest common factor of u and 16.
16
Let f be ((-63)/(-5))/((-330)/(-11000)). What is the greatest common factor of 1995 and f?
105
Suppose 8*d + 0*d + 1240 = 0. Let r = -144 - d. Let o be (-4)/(1 + -5) - -120. Calculate the greatest common divisor of o and r.
11
Suppose -2*c = 4*h - 3526, h + 1596 - 6850 = -3*c. What is the greatest common divisor of c and 66?
33
Let m(u) = u**2 - 52*u + 240. Let r be m(52). What is the greatest common divisor of 576 and r?
48
Let o = 126 + -6. Let m(l) = 8*l - 137. Let r be m(19). What is the highest common divisor of o and r?
15
Suppose 0 = 3*f + 2*h - 14, -5*f + 15 = 2*h - 3. Let y be f + (-222)/(-10) + (-15)/75. Let z = 142 - 34. Calculate the highest common divisor of z and y.
12
Let s(f) = -f**2 - 35*f + 1196. Let q be s(-56). What is the greatest common divisor of q and 1820?
20
Suppose -d - 5 = 0, 2*d + 50 = 5*x - 2*d. Let y(c) = 75 + 19*c - 215 + 41. Let i be y(6). What is the highest common divisor of x and i?
3
Let z(m) = m**3 - 44*m**2 - 48*m + 145. Let q be z(45). Suppose -105*x - q = -110*x. Calculate the greatest common factor of x and 19.
1
Suppose 0 = 3*n - 3*t - 5 - 22, -5*n + 69 = t. Let g be 2/(3*6/45). Suppose -3*i + g = -n. Calculate the greatest common divisor of i and 6.
6
Suppose 50*v + 181 - 681 = 0. Suppose 809 = 2*d - y, 3*y + v = d - 387. Calculate the greatest common factor of 58 and d.
58
Let p(h) = -56 - 52 + 230 - 12*h. Let s be p(10). Let v(c) = -c**2 - 6*c - 3. Let w be v(-5). What is the greatest common divisor of w and s?
2
Let j be (6/4)/((-18)/(-36)). Suppose 2*p - 3*p = -5, -4*s - j*p + 139 = 0. What is the greatest common factor of 186 and s?
31
Let q be (-51)/(-4) + (-2)/(-8). Let k(o) = -91*o - 15236. Let g be k(-168). What is the greatest common factor of q and g?
13
Let r(a) = 109*a**2 + 26*a + 71. Let m be r(-4). Calculate the highest common factor of m and 87.
29
Suppose 0 = 54*c - 72*c + 3186. Let g(p) = p + 44. Let y be g(15). Calculate the highest common factor of c and y.
59
Suppose -5*z - 6*q + 1763 = -1038, 3*z - 1635 = 4*q. Calculate the greatest common factor of 79 and z.
79
Let p = 154898 - 100978. What is the greatest common divisor of 40 and p?
40
Suppose -k + 2224 = 3*v, -3716 = -38*v + 33*v - 4*k. Calculate the highest common factor of 440 and v.
20
Let d(o) = -o**3 - o**2 + 8*o + 2. Let a = 155 - 159. Let c be d(a). Calculate the greatest common divisor of 288 and c.
18
Suppose -4*p + 941 = -771. Let i = -302 + p. Let g(j) = 2*j + 34. Let z be g(-10). Calculate the highest common factor of z and i.
14
Suppose 7*s - 14*s + 21 = 0. Suppose 12 = 3*m + 2*m - 3*b, 18 = 5*m + s*b. Let u be -1*(-23 + -3) + (1 - m). What is the highest common divisor of u and 40?
8
Suppose 2*x = -4*h + 174, x + 223 = 5*h - 2*x. Suppose 0 = 2*a - 8, 6*m - 78 = 3*m - 3*a. What is the highest common divisor of h and m?
22
Let x be -11*((-4)/2 - 3). Let y = x + -53. Suppose f + 4*s = -3, -1 - 8 = -y*f - 3*s. What is the highest common factor of 9 and f?
9
Let g = 173 - 135. Let c(m) be the second derivative of m**3/6 + 9*m**2/2 + m. Let z be c(-7). Calculate the highest common divisor of z and g.
2
Let k = -410 + 1471. Suppose 633 = 7*h - k. Let f = h - 143. Calculate the greatest common divisor of f and 9.
9
Let v(m) = m**2 + 64*m + 558. Let k be v(-55). Calculate the greatest common divisor of 861 and k.
21
Suppose -306881 - 26711 = -262*b - 60*b. What is the highest common factor of b and 56?
28
Let u(q) be the third derivative of q**4/4 - 2*q**3 + 2*q**2. Let o be u(7). Suppose -h + 19 + 1 = 0. What is the greatest common factor of h and o?
10
Let c = -139 + 200. Let o = -33 + c. Let d be (-5862)/(-42) + (-6)/(-14). What is the highest common divisor of d and o?
28
Let h(f) = -1. Let v(q) = -q**3 - 7*q**2 + 13*q - 7. Let l(w) = -2*h(w) + v(w). Let m be l(-10). What is the highest common divisor of 15 and m?
15
Suppose -33*q + 48076 = 33*q + 2*q. Calculate the highest common factor of 909 and q.
101
Suppose g + 2*w - 576 = 76, g - w - 646 = 0. Suppose 3*o - 2*a - 3*a = g, 2*o - 2*a = 436. Calculate the greatest common factor of 13 and o.
13
Let u = 17340 - 16157. Calculate the greatest common divisor of u and 1274.
91
Suppose -3*r + 6 = -5*r. Let a = 12 - r. Let j(q) = -8*q - 249. Let k be j(-48). Calculate the highest common factor of k and a.
15
Suppose 4*k + 2*s = k + 8, 4*s + 12 = k. Suppose -416 = -k*q + 572. Calculate the greatest common factor of q and 19.
19
Suppose 12*f - 10 - 50 = 0. What is the highest common divisor of f and 166?
1
Suppose -11*q = 101 - 13. Let p be 42/15